{"id":77,"date":"2020-01-12T15:33:59","date_gmt":"2020-01-12T14:33:59","guid":{"rendered":"http:\/\/192.168.1.34\/wordpress\/?page_id=76"},"modified":"2024-09-25T10:55:13","modified_gmt":"2024-09-25T08:55:13","slug":"le-comite-des-fetes","status":"publish","type":"page","link":"https:\/\/montreuilsloir.fr\/index.php\/le-comite-des-fetes\/","title":{"rendered":"Le comit\u00e9 des f\u00eates"},"content":{"rendered":"\n<p><\/p>\n\n\n\n<p>Le comit\u00e9 des f\u00eates est une association loi 1901<\/p>\n\n\n\n<p>Bureau&nbsp;:<\/p>\n\n\n\n<p>Monsieur Didier GALLET \u2013 Pr\u00e9sident<\/p>\n\n\n\n<p>Madame Evelyne GRIMAULT \u2013 Tr\u00e9sori\u00e8re<\/p>\n\n\n\n<p>Monsieur Mathieu JEAN \u2013 Secr\u00e9taire<\/p>\n\n\n\n<p>Le comit\u00e9 des F\u00eates de Montreuil organise tout au long de l&rsquo;ann\u00e9e diff\u00e9rentes animations : <\/p>\n\n\n\n<ul class=\"wp-block-list\">\n<li>Un concours de belote <\/li>\n\n\n\n<li>Le t\u00e9l\u00e9thon<\/li>\n\n\n\n<li>La f\u00eate de la musique en partenariat avec la mairie<\/li>\n\n\n\n<li>La traditionnelle f\u00eate communale et son feu d\u2019artifice<\/li>\n<\/ul>\n\n\n\n<p>&nbsp;&nbsp;&nbsp;&nbsp; Nous sommes pr\u00eats \u00e0 accueillir toute personne d\u00e9sireuse de s\u2019investir.<\/p>\n","protected":false},"excerpt":{"rendered":"<p>Le comit\u00e9 des f\u00eates est une association loi 1901 Bureau&nbsp;: Monsieur Didier GALLET \u2013 Pr\u00e9sident Madame Evelyne GRIMAULT \u2013 Tr\u00e9sori\u00e8re Monsieur Mathieu JEAN \u2013 Secr\u00e9taire Le comit\u00e9 des F\u00eates de <a class=\"more-link\" href=\"https:\/\/montreuilsloir.fr\/index.php\/le-comite-des-fetes\/\">Lire plus &#8230;<\/a><\/p>\n","protected":false},"author":3,"featured_media":0,"parent":0,"menu_order":0,"comment_status":"closed","ping_status":"closed","template":"","meta":{"footnotes":""},"class_list":["post-77","page","type-page","status-publish","hentry"],"_links":{"self":[{"href":"https:\/\/montreuilsloir.fr\/index.php\/wp-json\/wp\/v2\/pages\/77","targetHints":{"allow":["GET"]}}],"collection":[{"href":"https:\/\/montreuilsloir.fr\/index.php\/wp-json\/wp\/v2\/pages"}],"about":[{"href":"https:\/\/montreuilsloir.fr\/index.php\/wp-json\/wp\/v2\/types\/page"}],"author":[{"embeddable":true,"href":"https:\/\/montreuilsloir.fr\/index.php\/wp-json\/wp\/v2\/users\/3"}],"replies":[{"embeddable":true,"href":"https:\/\/montreuilsloir.fr\/index.php\/wp-json\/wp\/v2\/comments?post=77"}],"version-history":[{"count":3,"href":"https:\/\/montreuilsloir.fr\/index.php\/wp-json\/wp\/v2\/pages\/77\/revisions"}],"predecessor-version":[{"id":3806,"href":"https:\/\/montreuilsloir.fr\/index.php\/wp-json\/wp\/v2\/pages\/77\/revisions\/3806"}],"wp:attachment":[{"href":"https:\/\/montreuilsloir.fr\/index.php\/wp-json\/wp\/v2\/media?parent=77"}],"curies":[{"name":"wp","href":"https:\/\/api.w.org\/{rel}","templated":true}]}}